osite?
False
Is 13219697 a composite number?
True
Is 4545949 a composite number?
True
Is 26679637 composite?
False
Is 1669613 a prime number?
False
Is 17296429 composite?
True
Is 102703891 a composite number?
True
Is 2235127 a prime number?
True
Is 7634429 a composite number?
True
Is 20133131 a prime number?
True
Is 775211 a composite number?
True
Is 2815157 a prime number?
True
Is 1827893909 composite?
False
Is 2820791 a composite number?
False
Is 807379 a prime number?
True
Is 21134999 composite?
True
Is 1627051 a prime number?
True
Is 5469203 prime?
True
Is 22064873 a composite number?
False
Is 1649887 a composite number?
False
Is 198149 a prime number?
False
Is 5281229 composite?
True
Is 11080789 a composite number?
False
Is 52946869 a composite number?
False
Is 3611281 composite?
False
Is 42034847 composite?
False
Is 10248929 a composite number?
False
Is 16834555 a prime number?
False
Is 30207833 prime?
True
Is 5599361 a composite number?
True
Is 692077 composite?
True
Is 17096402 prime?
False
Is 981077 a prime number?
True
Is 9488861 a composite number?
False
Is 130177 a composite number?
True
Is 16160569 composite?
True
Is 152365601 composite?
False
Is 29549 composite?
True
Is 2932229 a composite number?
True
Is 15341779 a prime number?
True
Is 579810089 prime?
False
Is 12864923 prime?
False
Is 81591131 a prime number?
True
Is 2697641 a prime number?
False
Is 129572101 a composite number?
True
Is 43039481 prime?
True
Is 909195421 composite?
False
Is 17819819 composite?
True
Is 69948289 prime?
True
Is 39634081 a composite number?
False
Is 3959383 composite?
True
Is 13316255 composite?
True
Is 967097 prime?
False
Is 3903101 prime?
True
Is 6952961 composite?
False
Is 109545701 a prime number?
True
Is 1347629 a composite number?
True
Is 213460727 a prime number?
False
Is 309707 a prime number?
True
Is 5402121 prime?
False
Is 646517 a prime number?
False
Is 191319 a composite number?
True
Is 7795261 a prime number?
True
Is 73560283 a composite number?
False
Is 7116073 composite?
True
Is 271089299 composite?
True
Is 224011 a prime number?
True
Is 72223897 a prime number?
True
Is 5470427 a composite number?
False
Is 30066389 a prime number?
False
Is 14220019 prime?
False
Is 2228893 a prime number?
True
Is 510124051 a prime number?
True
Is 70240477 prime?
True
Is 54354173 a prime number?
False
Is 74629427 composite?
False
Is 49854349 a prime number?
True
Is 1784939 prime?
False
Is 424545127 a prime number?
True
Is 13470971 composite?
True
Is 463259 a prime number?
False
Is 1902554 prime?
False
Is 64793263 a prime number?
False
Is 23874983 a prime number?
False
Is 1548113 a prime number?
False
Is 104404931 a prime number?
False
Is 38723917 prime?
True
Is 7826513 a composite number?
False
Is 86155141 composite?
False
Is 143319467 composite?
False
Is 40906058 prime?
False
Is 132979741 prime?
True
Is 318023 composite?
False
Is 130381661 composite?
False
Is 729193 composite?
True
Is 1324819 composite?
False
Is 8210521 a composite number?
True
Is 9491941 a composite number?
True
Is 248659 composite?
True
Is 661183 prime?
True
Is 388296263 composite?
False
Is 175385201 a composite number?
True
Is 44002687 prime?
True
Is 345877661 prime?
True
Is 14183567 composite?
False
Is 8855359 a prime number?
True
Is 108892703 prime?
True
Is 1639193 composite?
False
Is 1092089 composite?
False
Is 64986697 a composite number?
False
Is 36893 prime?
False
Is 14260177 a composite number?
False
Is 260916179 a prime number?
True
Is 15552385 a prime number?
False
Is 1211407 composite?
False
Is 250429 prime?
False
Is 70567307 composite?
False
Is 36860609 a composite number?
True
Is 1041763 a prime number?
False
Is 63127223 prime?
True
Is 14696963 a prime number?
True
Is 7652549 a prime number?
False
Is 73799953 prime?
True
Is 14664701 a prime number?
True
Is 343443311 a prime number?
False
Is 299961503 a prime number?
False
Is 505985 prime?
False
Is 3883127 composite?
False
Is 7844521 composite?
False
Is 1185979 prime?
True
Is 388316237 a prime number?
True
Is 610157 prime?
True
Is 11576791 composite?
True
Is 18418943 prime?
True
Is 16508033 prime?
False
Is 14711401 prime?
False
Is 36658777 a composite number?
False
Is 3364117 a composite number?
False
Is 3676649 composite?
True
Is 17280737 prime?
True
Is 4382809 a prime number?
False
Is 3183681 a composite number?
True
Is 4936033 a composite number?
False
Is 9643531 prime?
True
Is 13899917 a prime number?
True
Is 4566553 composite?
False
Is 742225567 a composite number?
False
Is 2145951529 composite?
False
Is 21477889 prime?
True
Is 4459725781 a composite number?
True
Is 806941 prime?
True
Is 13787593 a composite number?
False
Is 18432119 prime?
False
Is 1733 a prime number?
True
Is 434657 a composite number?
True
Is 1935881 prime?
True
Is 63371353 prime?
True
Is 13911757 a prime number?
False
Is 12392441 a prime number?
False
Is 1890521 prime?
True
Is 2975237 a prime number?
True
Is 1571617 a composite number?
True
Is 13081031 a prime number?
True
Is 1056677 a composite number?
True
Is 19044769 prime?
False
Is 74904553 a composite number?
False
Is 2436107 prime?
True
Is 242961403 composite?
False
Is 2599169 a prime number?
False
Is 17748751 a prime number?
False
Is 32018331 prime?
False
Is 3629719 a prime number?
True
Is 116268991 a prime number?
True
Is 221067566 prime?
False
Is 21666481 a composite number?
False
Is 59651593 a composite number?
True
Is 38670251 prime?
True
Is 75535303 prime?
True
Is 5263399 composite?
True
Is 78199943 composite?
True
Is 128501927 prime?
False
Is 7954301 prime?
True
Is 13546097 a prime number?
True
Is 1081627 a prime number?
False
Is 1251854 composite?
True
Is 27519913 prime?
True
Is 12583771 a composite number?
True
Is 7128041 a prime number?
False
Is 3532237 composite?
False
Is 331127 prime?
True
Is 10519451 prime?
False
Is 510179 a composite number?
False
Is 387922597 a composite number?
False
Is 1338959 a prime number?
False
Is 220531 prime?
False
Is 116592013 composite?
False
Is 364602881 a prime number?
True
Is 8943127 composite?
False
Is 236549 a prime number?
True
Is 1176941 a prime number?
False
Is 118528457 composite?
True
Is 271238033 composite?
True
Is 3451489 prime?
False
Is 466475509 prime?
True
Is 3436289 composite?
False
Is 1472123 prime?
False
Is 1467173 a composite number?
False
Is 521966527 composite?
False
Is 524114089 a composite number?
False
Is 734609 a composite number?
True
Is 91092107 composite?
True
Is 36321871 a composite number?
False
Is 5888873 a prime number?
True
Is 49083299 composite?
False
Is 9262507 a composite number?
False
Is 919081 composite?
False
Is 106154423 a prime number?
True
Is 4147121 a prime number?
False
Is 11421997 a composite number?
True
Is 21681917 prime?
False
Is 1434427 a prime number?
False
Is 2277481 a prime number?
True
Is 29547797 composite?
True
Is 3605783 a prime number?
True
Is 13952011 composite?
True
Is 1838059 a composite number?
True
Is 1106585 a prime number?
False
Is 55535489 composite?
True
Is 2629409 prime?
True
Is 16366723 composite?
False
Is 20770963 a composite number?
False
Is 20336443 prime?
False
Is 8580905 composite?
True
Is 8652607 prime?
False
Is 18842267 prime?
False
Is 1089793 prime?
True
Is 3638137 a composite number?
True
Is 1077758549 a composite number?
True
Is 1043047 prime?
True
Is 28165849 composite?
True
Is 1651667 prime?
True
Is 14009201 composite?
False
Is 224121295 composite?
True
Is 112848959 a prime number?
False
Is 39270463 a composite number?
False
Is 20501837 a prime number?
False
Is 50424313 a composite number?
False
Is 55288609 a prime number?
True
Is 159788929 prime?
False
Is 36241451 prime?
False
Is 257561 a composite number?
False
Is 495107 prime?
False
Is 428593381 a prime number?
False
Is 58939949 a composite number?
False
Is 62763413 a composite number?
False
Is 113961531 prime?
False
Is 20620961 a prime number?
True
Is 6793679 a prime number?
False
Is 7599979 prime?
False
Is 4995581 prime?
True
Is 1224313 a prime number?
False
Is 155717893 a prime number?
True
Is 1232171 a prime number?
True
Is 7648513 a prime number?
True
Is 3042151 a composite number?
True
Is 345413 composite?
False
Is 9796399 a composite number?
True
Is 7225789 prime?
False
Is 201585803 prime?
False
Is 382539